-10 + -31201032231033?
-31201032231103
In base 9, what is -47058 - 22304?
-70363
In base 4, what is -3 - -33232022230?
33232022221
In base 5, what is -1424 - -14441?
13012
In base 12, what is 27979 + 32b?
280a8
In base 5, what is -4410 - 123244113?
-123304023
In base 12, what is 5222238 + 6?
5222242
In base 12, what is 5 - 984b77?
-984b72
In base 14, what is -84a1 - -114b?
-7354
In base 14, what is 53cb59 - 1b?
53cb3c
In base 7, what is 262105404 + 0?
262105404
In base 7, what is -50 + 1101040016?
1101036636
In base 16, what is -134ea133 - 0?
-134ea133
In base 13, what is c - 6cb363?
-6cb354
In base 7, what is 3 - -26365503?
26365506
In base 4, what is 202102 + 103111?
311213
In base 12, what is 6a + 7858?
7906
In base 16, what is -49 - -4e82?
4e39
In base 5, what is -110410432 + 32?
-110410400
In base 11, what is 1441492 - 20?
1441472
In base 13, what is 25402 - 789?
24946
In base 14, what is 15d3c64 + -4?
15d3c60
In base 6, what is 1210 - -421003?
422213
In base 2, what is -1011000 + -100110101000111011?
-100110101010010011
In base 12, what is -1718b - -33a?
-16a51
In base 12, what is -27 + 5b448?
5b421
In base 4, what is -11 - -23122032030?
23122032013
In base 2, what is 111000000001111 + 11010?
111000000101001
In base 15, what is -41de + 22e?
-3eb0
In base 15, what is 22ece36c + -2?
22ece36a
In base 16, what is 9 + 89e500?
89e509
In base 12, what is 15a09 + 22b?
16038
In base 6, what is -3323 + 1544523?
1541200
In base 14, what is -2 - 81236c?
-812370
In base 9, what is 0 + 13376071?
13376071
In base 6, what is 43431 - -5424?
53255
In base 16, what is 1cf7 + -34a?
19ad
In base 3, what is -10 + -1202222121001011?
-1202222121001021
In base 13, what is 94199 - -1b9b?
96067
In base 13, what is 0 + -967a1?
-967a1
In base 7, what is -2 - -532302641?
532302636
In base 8, what is -41062 + 506?
-40354
In base 3, what is -10 - 2201222002100111?
-2201222002100121
In base 3, what is -21 + 22001211102021011?
22001211102020220
In base 8, what is 3175112 + -56?
3175034
In base 13, what is -4128b6b - 0?
-4128b6b
In base 9, what is 112 + -863082?
-862870
In base 9, what is -187340184 + 5?
-187340178
In base 13, what is 2c522 - 1b4?
2c33b
In base 9, what is -3 - -8006803?
8006800
In base 8, what is -145 + -1322460?
-1322625
In base 8, what is -6217501 - 2?
-6217503
In base 15, what is -cca - 108?
-dd3
In base 2, what is 110 + 111011111001100000001000?
111011111001100000001110
In base 9, what is 426 - -313488?
314025
In base 13, what is -1200 + -41695?
-42895
In base 6, what is -114341 - -1030223?
511442
In base 11, what is 57 - -6aa80?
70027
In base 9, what is 3373 - -16815?
21288
In base 16, what is ed0b6 - 4?
ed0b2
In base 16, what is -2b - -880f36?
880f0b
In base 16, what is -29 - -1a23c?
1a213
In base 11, what is -937 + 100462?
aa626
In base 9, what is 734130 - -100?
734230
In base 7, what is -5 + -16601512?
-16601520
In base 7, what is -12526225 - 0?
-12526225
In base 3, what is 10220002202 - 210?
10220001222
In base 15, what is 1315538 - 2?
1315536
In base 8, what is -1217 - 12136335?
-12137554
In base 3, what is 122200102212 + 110212?
122200220201
In base 2, what is 1010010111100101 - -110111101?
1010011110100010
In base 4, what is -11 + -10303000213?
-10303000230
In base 6, what is 3123 + -102531?
-55404
In base 14, what is 63c2 + -127?
6299
In base 9, what is 52345 - 4875?
46360
In base 4, what is -3003 - 11132211?
-11201220
In base 4, what is 0 + -21221311322?
-21221311322
In base 2, what is -100011001100000101 + 1110101100?
-100010111101011001
In base 12, what is 10b + -b28104?
-b27bb5
In base 11, what is 19a7 - 374?
1633
In base 13, what is 59 + -45103?
-45077
In base 13, what is 115380 + -23?
11535a
In base 16, what is -1a573 - -623?
-19f50
In base 12, what is -19a98942 + -4?
-19a98946
In base 16, what is -2 + -26ce5f?
-26ce61
In base 6, what is -225155 - -155?
-225000
In base 6, what is 2424353512 + 20?
2424353532
In base 16, what is 337995e + 3?
3379961
In base 2, what is 111111001100 - -1001011010011?
10001010011111
In base 13, what is 4 + -81c4602?
-81c45cb
In base 2, what is 11100010111110011001001 + 110?
11100010111110011001111
In base 16, what is -1 - 5315acc?
-5315acd
In base 2, what is -11000001100 + 1101010111?
-1010110101
In base 15, what is b3c7 + a42?
be19
In base 12, what is -6227 - 1a19?
-8044
In base 12, what is -505b3 + 74?
-5053b
In base 5, what is -30310312 - -322?
-30304440
In base 6, what is -15 + -1140045521?
-1140045540
In base 3, what is -102 - 112212002000020?
-112212002000122
In base 13, what is 5872a3 - -c?
5872b2
In base 14, what is 956 + 16428?
16d80
In base 16, what is -4 - 136499c?
-13649a0
In base 2, what is 1001000 + -111000101010101?
-111000100001101
In base 4, what is 3203131011332 + -32?
3203131011300
In base 8, what is 240703775 - 5?
240703770
In base 6, what is -32415 - 300534?
-333353
In base 16, what is -9c7765 - -29?
-9c773c
In base 14, what is -608b6 + 900?
-5ddb6
In base 6, what is -4 - -342214?
342210
In base 14, what is -3 + -25d912a?
-25d912d
In base 15, what is -2 - -a942e8?
a942e6
In base 8, what is -4 - -270326313?
270326307
In base 3, what is -2001222210010102 - -111?
-2001222210002221
In base 16, what is -2782bbc + -6?
-2782bc2
In base 5, what is 4 + -231213222324?
-231213222320
In base 3, what is 10220 + 22100202000101?
22100202011021
In base 6, what is -23150300 + -11?
-23150311
In base 12, what is -127 - 626a0?
-62807
In base 11, what is -4 + -2262412?
-2262416
In base 4, what is 21133220 + -320223?
20212331
In base 10, what is 94573043 - 1?
94573042
In base 12, what is 2 - 38196a5?
-38196a3
In base 6, what is 1030225030 + 2?
1030225032
In base 15, what is 174 - -a49?
bbd
In base 11, what is 9 - 252842?
-252834
In base 2, what is 11001010100001 - 101010100?
11000101001101
In base 8, what is -1217700 + -561?
-1220461
In base 6, what is -3010521 - -5?
-3010512
In base 5, what is 10 - -1340000244?
1340000304
In base 13, what is -1a - 48843?
-48860
In base 5, what is -20 + 10112444120?
10112444100
In base 14, what is b4 - -3666b?
36741
In base 8, what is 3 - -6163563?
6163566
In base 7, what is -32252300 - -3?
-32252264
In base 8, what is -11654222 - 12?
-11654234
In base 2, what is -1000111000100100001111 - 111010?
-1000111000100101001001
In base 10, what is -381720 + -1167?
-382887
In base 3, what is 20222 - -10002010020?
10002101012
In base 12, what is b4 - 365a?
-3566
In base 16, what is 26a5be1 - -1?
26a5be2
In base 15, what is -29 + -95002?
-9502b
In base 12, what is -1744b6 - 407?
-174901
In base 14, what is -34 - -2528ad8?
2528aa4
In base 9, what is -55 - -233603?
233537
In base 2, what is 11101 - -1111111101101011000000?
1111111101101011011101
In base 13, what is 42 + 7cb053?
7cb095
In base 3, what is -1121112200 + 1112220?
-1112222210
In base 12, what is 8299448 - 7?
8299441
In base 16, what is 1f55d - -42d?
1f98a
In base 16, what is a6 - -226119?
2261bf
In base 6, what is 1 + -13051043301?
-13051043300
In base 16, what is 4ff8a0 - 1?
4ff89f
In base 7, what is 5 + -16354314?
-16354306
In base 13, what is -bc928c + -4?
-bc9293
In base 12, what is b938729 + -1?
b938728
In base 4, what is 12231311 - 12123?
12213122
In base 8, what is -202 - -14026?
13624
In base 7, what is -12061536 + -5?
-12061544
In base 4, what is -130322320120 - 3?
-130322320123
In base 16, what is b04 - 297?
86d
In base 8, what is -22703176 - -6?
-22703170
In base 2, what is 100101010000110000 + -1011011?
100101001111010101
In base 6, what is 2332130125 + -3?
2332130122
In base 15, what is b + 37ba7?
37bb3
In base 12, what is -4a - -3b6a20?
3b6992
In base 11, what is 11 - -242a7a4?
242a805
In base 3, what is 2 - -1100021000120120?
1100021000120122
In base 2, what is 11010110001001000 - -101110011?
11010110110111011
In base 2, what is -10000101000111111110001 - -1001011?
-10000101000111110100110
In base 9, what is -253 - 51850?
-52213
In base 13, what is 5 - 9954758?
-9954753
In base 13, what is 1302bb9 - 1?
1302bb8
In base 11, what is 1 - -1893159?
189315a
In base 14, what is 476790 - 59?
476735
In base 15, what is 11 - -21a93?
21aa4
In base 12, what is 36729 - 481?
36268
In base 10, what is -4085 - 789?
-4874
In base 12, what is 2631434 - 2?
2631432
In base 2, what is -1000101111111010001010 - 101?
-10001011111